actors of w?
13
Let w(s) be the second derivative of -s**3/3 - 6*s**2 + 4*s. List the prime factors of w(-13).
2, 7
List the prime factors of 0/(-7) - (-2 + -40).
2, 3, 7
Let p(u) = u**2 + 2*u + 26. List the prime factors of p(12).
2, 97
What are the prime factors of (-651)/(-28) - (-2)/(-8)?
23
Suppose 5*q - 5*x = -2 + 52, -x + 68 = 5*q. What are the prime factors of q?
13
Let q = -98 - -137. What are the prime factors of q?
3, 13
Let f(c) = -8*c + 4. Let m be f(4). Let p = m - -39. List the prime factors of p.
11
Let a be (-16)/(-2) - (1 + 1). Let x = a + -5. Suppose 3*z + 8 = -n, z - 3 - x = -2*n. List the prime factors of n.
2
Let j = 154 + -110. List the prime factors of j.
2, 11
Suppose -3*b + 8 + 7 = 0. Suppose 10 = b*n - 10. Suppose 3 = p - 2*j, 3*p + n*j - 49 = -0*j. List the prime factors of p.
11
Suppose 2*p - 7*p - y + 45 = 0, p + y - 13 = 0. Let o = p + -4. Suppose n + 27 = o*n. List the prime factors of n.
3
Let c = -9 - -27. What are the prime factors of c?
2, 3
Let l = -8 + 10. Suppose -k - 3 = -h - 0*h, -l*k = 2*h - 14. What are the prime factors of h?
5
Let n(l) = l**2 + l + 4. Let h be n(0). Let q be 2/(-3) - (-1120)/24. Suppose h*g = q - 14. List the prime factors of g.
2
Suppose 4*t + 15 + 9 = w, t - 4 = 0. Suppose 3*l - w = l. List the prime factors of l.
2, 5
Let t be 63/(-6)*(-2)/3. Let x(q) = q - 6. Let c be x(t). Suppose -h + c + 11 = 0. What are the prime factors of h?
2, 3
Let u = -18 - -20. Suppose -u*s + 39 = 3*i, -3*i - 4*s = i - 52. What are the prime factors of i?
13
Let s(w) = -w**2 - 4*w + 8. Let o be s(-7). Let f = o + 2. Let u(g) = g**3 + 10*g**2 - 12*g - 1. What are the prime factors of u(f)?
2, 5
Suppose a = -3*a. Suppose -4*r + 0*r + 20 = a. Suppose -r*q + 0 = -10. List the prime factors of q.
2
Suppose -7*s = 2*s - 99. List the prime factors of s.
11
Suppose 13 - 3 = h. List the prime factors of h.
2, 5
Suppose 25 = -2*a + 103. Suppose -a - 84 = -3*i. What are the prime factors of i?
41
Suppose -k - 50 = -2*k. Suppose -f - 4*f = b - 25, f = 3. Suppose -p + b = -4*x, x + k = 5*p + 3*x. List the prime factors of p.
2, 5
Let t be 2 - ((-4)/1 + 16). Let w(h) = h**2 + 8*h - 14. What are the prime factors of w(t)?
2, 3
Let m(b) be the third derivative of b**6/120 + b**5/10 + b**4/8 - b**3/3 + 3*b**2. Let p be m(-4). Suppose -n = 2*n - p. What are the prime factors of n?
2, 3
Let h(g) = 2*g**2. Let j be h(-1). Let x = 7 - j. Suppose 5*r = 3*o + 11, -40 = -x*o - 5*r - 5. List the prime factors of o.
3
Suppose 0 = -2*b - 0*b - 8. Let s(i) be the third derivative of i**6/120 + i**5/12 + i**4/8 - i**3/6 - 4*i**2. What are the prime factors of s(b)?
3
Let s = 6 - 3. Suppose 0 = 2*n - 2*l - 12, -5*l + 12 = -2*n + s*n. What are the prime factors of n?
7
Suppose 2*l - 11*l = -1116. List the prime factors of l.
2, 31
Let p(k) = 2*k**2 - 4*k - 5. Let r be p(4). Let l(d) = -5*d**2 + d - 1. Let q be l(1). Let s = q + r. List the prime factors of s.
2, 3
Suppose b - 2 - 8 = 0. Let d = -17 + b. Let h = 13 + d. What are the prime factors of h?
2, 3
Suppose -4*b - b = 3*n - 394, 8 = -4*n. List the prime factors of b.
2, 5
Suppose -35 = -5*x - 5*y, 9*y + 1 = 4*x + 4*y. Suppose -9 - 7 = -x*a. Suppose 5*t = 11 + a. List the prime factors of t.
3
Let n = -5 + 26. What are the prime factors of n?
3, 7
Suppose -5 - 3 = 4*a, 0 = -b + 4*a + 35. List the prime factors of b.
3
Let v(n) = -10*n + 1. List the prime factors of v(-1).
11
Let p(j) = j**3 - 4*j**2 - j - 2. Let n be p(4). Let x(h) = -h + 3. What are the prime factors of x(n)?
3
Suppose -4 = -5*l + 26. List the prime factors of -1 + l - (-1 + 0).
2, 3
Let t = -10 - -6. Let u(m) = -2*m**2 + 5*m - 6. Let o(a) = -3*a**2 + 6*a - 7. Let h(l) = t*o(l) + 5*u(l). List the prime factors of h(2).
2
Suppose -3*z = -6*z + 3. Suppose -z = u - 3. Suppose 5*h + j - u*j = 17, 0 = -5*h + 5*j + 5. What are the prime factors of h?
2
Suppose 3*z - z = 46. What are the prime factors of z?
23
Let t = 130 - 71. List the prime factors of t.
59
Suppose -2*s - s + 6 = 0, 4*s = -4*q + 8. Suppose q = 2*f - 4*f + 6. Suppose f*c = -c + 40. What are the prime factors of c?
2, 5
Let m(a) = -4*a**3 - 5*a**2 + 5*a - 2. Let n be m(3). What are the prime factors of (2/(-4))/(7/n)?
2, 5
Let s = -5 + -70. Let q be 2/6*s/(-1). Suppose -3*z = 5*v - 4*v - q, -5*z - 3*v + 39 = 0. What are the prime factors of z?
3
Let u be (-4)/(-6)*(-6)/(-1). Suppose u*x + 0*x = 24. Suppose -7 - 14 = -3*d + 5*r, -2*r = -x. List the prime factors of d.
2, 3
Let l = 3 + -2. Let k be 0/(l/(-1) - 1). Suppose 4*u - 16 = k, 2*u + 0*u - 28 = -4*m. What are the prime factors of m?
5
Let m be 9/36 + 15/4. Suppose 27 = m*v - 2*v - 3*h, 2*h = -5*v + 39. List the prime factors of v.
3
List the prime factors of 5 - (-144)/(-4 - -6).
7, 11
Let d = -100 + 156. Suppose b + 3*b = d. What are the prime factors of b?
2, 7
Let y(r) be the first derivative of r**3/3 - r**2/2 + 4*r + 1. Let f be 0*(-1 - (-3)/6). List the prime factors of y(f).
2
Let i = -30 - -59. What are the prime factors of i?
29
Let z = -3 + 5. Let t(v) = 3*v - 1. Let s be t(z). Suppose 0 = -5*k + k - s*x + 40, k + 4*x = 10. List the prime factors of k.
2, 5
Let d = 2 + -4. Let h be ((-2)/4)/(d/(-4)). List the prime factors of 28/(-8)*(-1 + h).
7
Suppose 0 = 5*z - 4*j + 6, 0 = -3*z + 6*z - 2*j + 4. Let u = z - -10. Let d = u + -1. List the prime factors of d.
7
Suppose -f + 348 = 3*f. Let v = 124 - f. What are the prime factors of v?
37
Suppose -5*h - 4*w + 36 = 0, 2*h - 3 = w + 1. Suppose -h*v + 24 = -6*k + 4*k, -5*v + 30 = -k. List the prime factors of v.
2, 3
Let h be -3*(-6)/(-4)*-2. Let y be -5 + 3 - -1 - 2. Let j = h - y. What are the prime factors of j?
2, 3
Suppose 4*k - 16 = -2*z, 3 = -4*k + 11. Suppose c + z - 17 = 0. List the prime factors of c.
13
Let x(q) = 2*q**2 + 2*q - 3. What are the prime factors of x(5)?
3, 19
Suppose 645 = 4*m + 3*i, 5*m + 2*i = 6*i + 814. What are the prime factors of m?
2, 3
Let d be (-2)/(-1)*(-4 + 5). Suppose 3*b = -d*k + 9, k + 2*b - 6 = -3*k. Let h(c) = -c + 3. What are the prime factors of h(k)?
3
Let p(u) = 4*u**2 - u - 2. Let k be p(2). Let o = k - 7. What are the prime factors of (o/1)/(3/3)?
5
Suppose 22 - 2 = f. What are the prime factors of f?
2, 5
Suppose j = 3*j - 10. Suppose -j*g + 2*n + 175 = n, g + 3*n - 19 = 0. What are the prime factors of g?
2, 17
Let f(b) = 7*b - 5. List the prime factors of f(8).
3, 17
Let x = -10 - -20. Suppose -x = -r + 2. What are the prime factors of r?
2, 3
Suppose 0 = -i + 5 + 1. Suppose 0 = -3*g - 2*l + 9, i*g = 2*g + 4*l + 12. List the prime factors of g.
3
Let j(o) = -o**3 + 13*o**2 + 6. Suppose -z + 6*z - 65 = 0. List the prime factors of j(z).
2, 3
Let n = 276 - 173. List the prime factors of n.
103
Let c be 18/10 - (-5)/25. Suppose 0 = -5*z - c*i - 0 + 44, -5*z + 2*i = -36. List the prime factors of z.
2
Let d be 29 + 2 + -2 + -2. Suppose -m - 2*m = -d. Suppose -5*s + 25 + 0 = 0, 0 = -4*q + 5*s - m. List the prime factors of q.
2
Let d(t) = 40*t + 8. What are the prime factors of d(4)?
2, 3, 7
Suppose 158 = 4*v - 122. List the prime factors of v.
2, 5, 7
Let h = 3 - -3. Suppose -5*y = -h - 104. What are the prime factors of y?
2, 11
Suppose -22 + 142 = 4*x. Suppose -4*b + x = -b. List the prime factors of b.
2, 5
Let u be (0 + 2)/(0 + 1). Let o be -3 - -3*(-1 + u). Suppose o*n = n - 11. What are the prime factors of n?
11
Let o(a) = -a**3 + 11*a**2 + 15*a - 8. Let c = -11 - -23. What are the prime factors of o(c)?
2, 7
Suppose 7*z = 3*z. Suppose z*j - 4*j + 40 = 0. Suppose -3*g = -35 - j. List the prime factors of g.
3, 5
Let u(m) = -m**3 + 2*m**2 + m + 1. Let b(r) = r**2. Let f(x) = -3*b(x) + u(x). Suppose 2*l - 5*l = 9. List the prime factors of f(l).
2
Suppose 4*r = 8, 2*l + l + 2*r + 8 = 0. Let w = 25 + l. Let f = -5 + w. List the prime factors of f.
2
List the prime factors of ((-513)/3)/(-3) - 3.
2, 3
Let b be (-18)/(-5) - (-6)/15. Suppose 2*h = 3*u - 8, 2*u - 4 = 4*h + b. List the prime factors of u.
2
Let h = 75 + 0. Let r = 112 - h. What are the prime factors of r?
37
Suppose 0 = -2*a - 3*a. Suppose -4*i = -20 + 4. Suppose 26 = r + 4*o, -2*o = -r - a*o - i. What are the prime factors of r?
2, 3
Suppose -u + 307 = 2*m - 52, 3*m + 4*u - 551 = 0. List the prime factors of m.
3, 59
Let m